144 + 139. Calculate q(d).
-10
Let m be 64/(-512) - -1*(-267)/(-24). Let q(x) be the first derivative of 0*x**2 - 2*x**3 + x + m - 1/4*x**4. Determine q(-6).
1
Let o(z) = z - 2. Suppose 360 = -u - 29*u. Determine o(u).
-14
Let x = -625 - -637. Let g(p) = -2*p**2 + 24*p + 6. Determine g(x).
6
Let l(d) = d**3 - 3*d**2 - 4*d - 1. Suppose 36 - 18 = 6*j. Determine l(j).
-13
Let z(f) = 16*f + 1 + 0*f**2 + f**2 + 2 - 21*f. What is z(3)?
-3
Suppose 3*n - 23 = 70. Let j = -30 + n. Let d(i) = -7*i. Determine d(j).
-7
Let o(d) be the third derivative of -d**5/12 - d**4/12 - d**3/6 + d**2. Let g = -109 + 119. Suppose 9*v = 19*v + g. What is o(v)?
-4
Let o(c) = -c**3 + 15*c**2 + 17*c - 22. Let b be o(16). Let a(w) = 3*w + 4. Give a(b).
-14
Let r = -3 - -2. Let g(u) = u**2 - 13669 + 13669 + u - u**2 - 6*u**3. Give g(r).
5
Let m(t) be the third derivative of 13*t**4/24 + t**3/6 - 2*t**2. Let v(f) be the first derivative of f**2/2 - 11*f - 11. Let g be v(12). Calculate m(g).
14
Let i be (-2)/11 - (-168)/77. Let c(z) = 2*z**i + z - 12*z**2 + z**3 + 10*z**2. Give c(-1).
-2
Let p(y) = -2 + 3 + y + 8 - 1. Let f be p(-8). Let i(q) = f*q - 2*q - q + 2. Determine i(3).
-7
Let l be (-6)/(-2) - 22 - (-15 + 14). Let r(j) = -j**2 - 16*j + 41. Determine r(l).
5
Let r = -8 - -12. Let y(b) be the second derivative of -b**4/12 + 2*b**3/3 - 4*b + 5. Determine y(r).
0
Let h(k) be the first derivative of 0*k + 11 + 1/12*k**4 + 1/120*k**5 + 8/3*k**3 + 0*k**2. Let r(j) be the third derivative of h(j). What is r(3)?
5
Let s(t) = t**3 - 4*t**2 - t. Suppose 72 = -35*x + 212. What is s(x)?
-4
Let x(p) = -p**3 - p**2 + 3*p - 1. Let h be 14/((-252)/30) + (-4)/3. Calculate x(h).
8
Let p(b) = b**3 - 7*b**2 - 5*b + 6. Let f be p(7). Let u = 35 + f. Suppose -3*q + 12 = -u*q. Let l(o) = -o**3 - 4*o**2 + 4. Determine l(q).
4
Let g(a) = -a**3 + 6*a**2 - 6*a. Let c = -9 + 14. Give g(c).
-5
Let k(u) = u**2 + 13*u + 10. Let i(t) = -3*t**2 - 40*t - 26. Let l(j) = -2*i(j) - 7*k(j). What is l(-7)?
10
Let x(f) = -4*f + 8. Let v be -5 - (50/(-125) - 14/(-10)). What is x(v)?
32
Let k(j) be the first derivative of -j**2/2 - 15*j - 30. What is k(-14)?
-1
Let k = 25 + -11. Suppose -k*t = -9*t - 35. Let l(g) be the first derivative of g**4/4 - 2*g**3 - 3*g**2 - 3*g + 2. Determine l(t).
4
Let a = -120 + 241/2. Let q(d) be the first derivative of 1/4*d**4 - 2*d + 7 + a*d**2 + 2*d**3. Determine q(-6).
-8
Let k(p) = -3*p**2 + 2*p + 1. Suppose 2*a = 5*a - 54. Suppose 4*n - 14 = -a. Calculate k(n).
-4
Let h(y) be the second derivative of 0*y**2 - 1/4*y**4 + 0 - 1/6*y**3 + 54*y. Determine h(-2).
-10
Let o(v) = v**3 - v**2 - 2*v + 5. Suppose 3*k = -2*k + 3*k. What is o(k)?
5
Let j(o) be the first derivative of -o**6/60 - o**5/15 - o**4/12 + o**3/3 + o**2/2 + 8. Let v(a) be the second derivative of j(a). Calculate v(-2).
6
Let d(x) = -x**3 + 6*x**2 + 4*x + 2. Let g(q) = q**3 - 10*q**2 + 10*q - 94. Let f be g(10). Determine d(f).
26
Suppose 0 = -4*a + 8*f - 3*f + 32, 5*f = -3*a + 24. Let s be (2 - 12/a)*14. Suppose 1 = c - s. Let n(p) = -p**2 + 9*p - 6. What is n(c)?
2
Let c(w) be the third derivative of -w**6/120 - w**5/60 - 2*w**3/3 + 448*w**2. Calculate c(-3).
14
Let r(z) be the first derivative of -z**2/2 - 6*z - 121. Calculate r(-4).
-2
Let s(b) = -2*b - 2*b**2 - 6*b**2 + 9*b**2 + 6 - 3*b. Determine s(5).
6
Let n = 9 + -2. Let j(s) = -3. Let f(y) = -y - 2. Let d(m) = 3*f(m) - 5*j(m). Determine d(n).
-12
Let v = -10 + 21. Suppose -8*s + 15 = -v*s. Let t(q) = -q**3 - 4*q**2 + 7*q. Give t(s).
-10
Let c = -81 + 75. Let m(h) = -2*h - 13. Calculate m(c).
-1
Let u(z) be the third derivative of -z**6/120 - z**5/12 + z**4/4 - z**3/3 + 44*z**2. Determine u(-6).
-2
Let b(j) = -7*j**3 - 10*j**2 + 6*j + 18. Let p(o) = -13*o**3 - 19*o**2 + 12*o + 35. Let i(g) = -11*b(g) + 6*p(g). Calculate i(-5).
7
Suppose 4*z - 9 = z. Let x be (z - 1) + (-20)/5 - -2. Let q(l) = l**2 + 2 + 1 - l**3 - 1 - l. What is q(x)?
2
Let c(x) be the second derivative of -x**3/6 - 3*x**2/2 - x + 9. Determine c(-3).
0
Let f = -637 - -644. Let d(a) = a**3 - 8*a**2 + 5*a + 9. Calculate d(f).
-5
Let g(i) = i + 16. Suppose 6*q - 177 = -237. What is g(q)?
6
Let r be (-17)/(-17)*(-1 - -10). Suppose -2*h + r = h. Let s(a) = a**3 - 3*a**2 + a. Calculate s(h).
3
Let c(x) = x**2 - 4. Suppose m + 5*s = -18, 5*m + s - 3*s = -9. Give c(m).
5
Let p(o) be the second derivative of o**7/120 + o**6/360 - 4*o**3/3 + o. Let j(w) be the second derivative of p(w). Calculate j(-1).
-6
Suppose -2 + 5 = -4*v - 3*h, -v + 2*h = 9. Let r = 1 - v. Let f(u) = -r + 1 + 6 - 2*u**2 - 3*u + 3*u**2. Determine f(3).
3
Let y = -32 - -36. Suppose -y*t + 8*t = 36. Let q(u) = u - 9. Determine q(t).
0
Let f be (18/15)/(3/(-10)). Suppose 4 = -w + j, j = 3*w - 2 + 22. Let m(g) = -5*g - 6. Let u(c) = -3*c - 4. Let x(y) = w*u(y) + 5*m(y). Determine x(f).
6
Let j = 0 + 3. Suppose -j*m = -5 + 2. Let q(f) = -8*f**3 - 2*f**2 + 1. Give q(m).
-9
Let q(f) = -3 + f - 2 + 1 + 2 + 5. Calculate q(-3).
0
Let g(p) = -7*p**3 - p. Suppose -2 = 2*k, 0*k + k + 51 = -5*r. Let d = r - -12. Let n = -3 + d. Give g(n).
8
Let m(d) = 25*d + 2. Let r(l) = -12*l - 1. Let a(p) = 4*m(p) + 9*r(p). What is a(-5)?
39
Let y(f) = -7*f**3 + 2*f**2 + 3*f - 13. Let a(i) = -6*i**3 + 2*i**2 + 3*i - 12. Let q(j) = 6*a(j) - 5*y(j). Give q(3).
-7
Let z(p) = 7*p + 6. Let x be (2 - 1)*-7 + 0. Let o(r) = 10*r + 10. Let u(l) = x*z(l) + 5*o(l). Determine u(0).
8
Let y(t) = -16*t**2 + 30*t + 25. Let r(h) = -3*h**2 + 6*h + 5. Let o(g) = -11*r(g) + 2*y(g). Suppose 313*j = -9*j + 1932. What is o(j)?
-5
Let l(r) = -7*r**3 + 2*r**2 + 4*r + 7. Let z(v) = 7*v**3 - 2*v**2 - 3*v - 6. Let j = 3 + 3. Let o(p) = j*z(p) + 5*l(p). What is o(1)?
6
Let r(f) = 1 - 3*f - f**2 + 20*f**3 - 21*f**3 + 2*f**3. Give r(-2).
-5
Let r(m) = 3*m**2 - 11*m - 13. Let x(i) = -i**2 + 6*i + 6. Let p(u) = -2*r(u) - 5*x(u). Let n be (-62)/7*1 + (-1674)/(-1953). Determine p(n).
-4
Let f(s) be the first derivative of 4*s**2 + s + 4. Give f(-1).
-7
Let x = 9 + -7. Let y(k) = -4*k - 3 + 0 - x*k + 7*k. Give y(-4).
-7
Let f(m) = 5*m - 13. Suppose 4*h = 5*s + 25 + 4, 0 = -5*h - s + 29. Let c(a) = -14*a + 38. Let w(z) = h*c(z) + 17*f(z). What is w(5)?
12
Suppose -4*x = -8, 4*x + 0*x = -5*q + 183. Let u = q + -40. Let d(w) be the second derivative of w**3/6 + 5*w**2/2 - 2*w. Give d(u).
0
Let z(m) = 20*m + 144. Let k be z(-8). Let l(c) = -c**2 - 16*c - 13. Calculate l(k).
-13
Let x = 45 + -45. Suppose -2*j - 8 = x, -4*g - 5*j - 28 = -2*j. Let a(q) = q**2 + 5*q. What is a(g)?
-4
Let x(w) = 4*w + 4. Suppose a = -2*q + 11, 352*q + 23 = 356*q + 3*a. What is x(q)?
24
Let t be -2*95/20*-2. Let d(m) = 17*m - t*m + 3*m**3 + 1 + 5*m**3. Calculate d(1).
7
Suppose 2*l + 2*p - 11 = l, 2*p + 4 = 2*l. Let m(g) be the third derivative of -g**4/6 + 7*g**3/6 - 20*g**2 + 6. Determine m(l).
-13
Let b(k) = -8*k - 1 - 7*k + 14*k. Give b(2).
-3
Let f = 2077 - 2076. Let v(r) = -80*r**2 + 1. Determine v(f).
-79
Let c = -29 - -31. Let a(k) = -k**3 - 9*k**c + k**2 + k**2 - 2. Calculate a(-7).
-2
Let v(b) be the second derivative of -b**4/12 + 4*b**3/3 - 3*b**2 + 49*b. What is v(5)?
9
Let s = 182 + -115. Let r(w) = w**2 + 66 - w + 0*w - s. Determine r(2).
1
Let i(v) = -2*v**2 + 4*v - 4. Suppose 6 - 32 = -13*t. Calculate i(t).
-4
Suppose 0 = -c - 2*a - 8 + 2, -c + a + 6 = 0. Let f(t) = 3*t - c*t + 0 - 2. Suppose -4*l = 4*h + 230 - 242, -5*l - 4*h + 10 = 0. What is f(l)?
-4
Suppose -45 = 5*y + 2*w, 2*y + 2*w + w = -29. Let u(b) be the first derivative of b**3/3 + 4*b**2 + 3*b - 227. What is u(y)?
-4
Let a(m) = -m**3 - 8*m**2 - 4*m + 2. Let r be -1 + (0 + 0 - -4). Let l(n) = n**2. Let c(v) = r*l(v) + a(v). Determine c(-4).
2
Let x = 1588 + -1590. Let b(a) = a**3 - a**2 - 7*a - 11. Give b(x).
-9
Let l(j) = -58*j + 13*j + 15*j + 12*j - 7 + 17*j. What is l(-5)?
-2
Let m(s) = -s**2 + 43*s - 11. Let c(k) = -6*k + 2. Let v(a) = 6*c(a) + m(a). Suppose l = -4*n + 25, 5*n + 0*n = 4*l + 47. Give v(n).
1
Let q(f) = -25*f**3 - f + 4. Let n(h) = 21*h**3 - h**2 + 2*h - 4. Let k(g) = -6*n(g) - 5*q(g). What is k(5)?
-6
Suppose 4*n = -4*t + 32, 71 = 4*t + 5*n + 40. Let z(o) = -o**3 + 7*o**2 + 9*o + 10. Calculate z(t).
-71
Let z(d) = -d - 2*d - 3*d**2 - 4*d**2 - 6 + 0*d**2. Let q(r) = 13*r**2 + 7*r + 11. Let u(p) = -6*q(p) - 11*z